{"id":12,"date":"2024-11-25T17:53:28","date_gmt":"2024-11-25T16:53:28","guid":{"rendered":"https:\/\/laclassedemonsieurtorres.fr\/?page_id=12"},"modified":"2025-09-15T08:20:06","modified_gmt":"2025-09-15T06:20:06","slug":"home","status":"publish","type":"page","link":"https:\/\/laclassedemonsieurtorres.fr\/","title":{"rendered":"HOME"},"content":{"rendered":"\n<figure class=\"wp-block-image size-full\"><img loading=\"lazy\" decoding=\"async\" width=\"1920\" height=\"924\" src=\"https:\/\/laclassedemonsieurtorres.fr\/wp-content\/uploads\/2025\/09\/PROJETBIG-MANUEL-NOTEXT-1.png\" alt=\"\" class=\"wp-image-1434\" srcset=\"https:\/\/laclassedemonsieurtorres.fr\/wp-content\/uploads\/2025\/09\/PROJETBIG-MANUEL-NOTEXT-1.png 1920w, https:\/\/laclassedemonsieurtorres.fr\/wp-content\/uploads\/2025\/09\/PROJETBIG-MANUEL-NOTEXT-1-300x144.png 300w, https:\/\/laclassedemonsieurtorres.fr\/wp-content\/uploads\/2025\/09\/PROJETBIG-MANUEL-NOTEXT-1-1024x493.png 1024w, https:\/\/laclassedemonsieurtorres.fr\/wp-content\/uploads\/2025\/09\/PROJETBIG-MANUEL-NOTEXT-1-768x370.png 768w, https:\/\/laclassedemonsieurtorres.fr\/wp-content\/uploads\/2025\/09\/PROJETBIG-MANUEL-NOTEXT-1-1536x739.png 1536w\" sizes=\"auto, (max-width: 1920px) 100vw, 1920px\" \/><\/figure>\n\n\n\n<p class=\"has-text-align-center\">Monsieur Torres, c&#8217;est moi. Je suis professeur de fran\u00e7ais en coll\u00e8ge depuis bient\u00f4t 20 ans, et j&#8217;\u00e9tais fatigu\u00e9. Fatigu\u00e9 des fautes d&#8217;orthographe, des manuels scolaires, des cours de fran\u00e7ais tels qu&#8217;on nous demande de les faire. Fatigu\u00e9 des manuels de fran\u00e7ais qui tendent souvent \u00e0 privil\u00e9gier un message politique plut\u00f4t que l\u2019enseignement de la langue, de la lecture et des richesses culturelles de notre pass\u00e9.<\/p>\n\n\n\n<p class=\"has-text-align-center\">Ce site fonctionne tr\u00e8s simplement. Vous trouverez ci-dessous 3 sections : <\/p>\n\n\n\n<p class=\"has-text-align-center\">\u00ab Textes et Le\u00e7ons \u00bb,  \u00ab Exercices \u00bb et \u00ab Curiosit\u00e9s \u00bb. <\/p>\n\n\n\n<p class=\"has-text-align-center\">Suivez le guide&#8230;<\/p>\n\n\n<div class=\"wp-block-image\">\n<figure class=\"aligncenter size-large is-resized\"><a href=\"https:\/\/laclassedemonsieurtorres.fr\/index.php\/textes\/\"><img loading=\"lazy\" decoding=\"async\" width=\"1024\" height=\"338\" src=\"https:\/\/laclassedemonsieurtorres.fr\/wp-content\/uploads\/2025\/09\/Textes-et-lecons2-1-1024x338.png\" alt=\"\" class=\"wp-image-1488\" style=\"width:603px;height:auto\" srcset=\"https:\/\/laclassedemonsieurtorres.fr\/wp-content\/uploads\/2025\/09\/Textes-et-lecons2-1-1024x338.png 1024w, https:\/\/laclassedemonsieurtorres.fr\/wp-content\/uploads\/2025\/09\/Textes-et-lecons2-1-300x99.png 300w, https:\/\/laclassedemonsieurtorres.fr\/wp-content\/uploads\/2025\/09\/Textes-et-lecons2-1-768x253.png 768w, https:\/\/laclassedemonsieurtorres.fr\/wp-content\/uploads\/2025\/09\/Textes-et-lecons2-1.png 1204w\" sizes=\"auto, (max-width: 1024px) 100vw, 1024px\" \/><\/a><\/figure>\n<\/div>\n\n<div class=\"wp-block-image\">\n<figure class=\"aligncenter size-full is-resized\"><img loading=\"lazy\" decoding=\"async\" width=\"546\" height=\"61\" src=\"https:\/\/laclassedemonsieurtorres.fr\/wp-content\/uploads\/2025\/09\/SEPA-SITE.png\" alt=\"\" class=\"wp-image-1436\" style=\"width:352px;height:auto\" srcset=\"https:\/\/laclassedemonsieurtorres.fr\/wp-content\/uploads\/2025\/09\/SEPA-SITE.png 546w, https:\/\/laclassedemonsieurtorres.fr\/wp-content\/uploads\/2025\/09\/SEPA-SITE-300x34.png 300w\" sizes=\"auto, (max-width: 546px) 100vw, 546px\" \/><\/figure>\n<\/div>\n\n<div class=\"wp-block-image\">\n<figure class=\"aligncenter size-large is-resized\"><a href=\"https:\/\/laclassedemonsieurtorres.fr\/index.php\/exercices\/\"><img loading=\"lazy\" decoding=\"async\" width=\"1024\" height=\"335\" src=\"https:\/\/laclassedemonsieurtorres.fr\/wp-content\/uploads\/2025\/09\/Exercices-test-2-1024x335.png\" alt=\"\" class=\"wp-image-1419\" style=\"width:604px;height:auto\" srcset=\"https:\/\/laclassedemonsieurtorres.fr\/wp-content\/uploads\/2025\/09\/Exercices-test-2-1024x335.png 1024w, https:\/\/laclassedemonsieurtorres.fr\/wp-content\/uploads\/2025\/09\/Exercices-test-2-300x98.png 300w, https:\/\/laclassedemonsieurtorres.fr\/wp-content\/uploads\/2025\/09\/Exercices-test-2-768x251.png 768w, https:\/\/laclassedemonsieurtorres.fr\/wp-content\/uploads\/2025\/09\/Exercices-test-2.png 1362w\" sizes=\"auto, (max-width: 1024px) 100vw, 1024px\" \/><\/a><\/figure>\n<\/div>\n\n<div class=\"wp-block-image\">\n<figure class=\"aligncenter size-full is-resized\"><img loading=\"lazy\" decoding=\"async\" width=\"546\" height=\"61\" src=\"https:\/\/laclassedemonsieurtorres.fr\/wp-content\/uploads\/2025\/09\/SEPA-SITE.png\" alt=\"\" class=\"wp-image-1436\" style=\"width:352px;height:auto\" srcset=\"https:\/\/laclassedemonsieurtorres.fr\/wp-content\/uploads\/2025\/09\/SEPA-SITE.png 546w, https:\/\/laclassedemonsieurtorres.fr\/wp-content\/uploads\/2025\/09\/SEPA-SITE-300x34.png 300w\" sizes=\"auto, (max-width: 546px) 100vw, 546px\" \/><\/figure>\n<\/div>\n\n<div class=\"wp-block-image\">\n<figure class=\"aligncenter size-large is-resized\"><img loading=\"lazy\" decoding=\"async\" width=\"1024\" height=\"341\" src=\"https:\/\/laclassedemonsieurtorres.fr\/wp-content\/uploads\/2025\/09\/Curiosites-test1-2-1024x341.png\" alt=\"\" class=\"wp-image-1492\" style=\"width:599px;height:auto\" srcset=\"https:\/\/laclassedemonsieurtorres.fr\/wp-content\/uploads\/2025\/09\/Curiosites-test1-2-1024x341.png 1024w, https:\/\/laclassedemonsieurtorres.fr\/wp-content\/uploads\/2025\/09\/Curiosites-test1-2-300x100.png 300w, https:\/\/laclassedemonsieurtorres.fr\/wp-content\/uploads\/2025\/09\/Curiosites-test1-2-768x256.png 768w, https:\/\/laclassedemonsieurtorres.fr\/wp-content\/uploads\/2025\/09\/Curiosites-test1-2.png 1364w\" sizes=\"auto, (max-width: 1024px) 100vw, 1024px\" \/><\/figure>\n<\/div>\n\n<div class=\"wp-block-image\">\n<figure class=\"aligncenter size-full is-resized\"><img loading=\"lazy\" decoding=\"async\" width=\"546\" height=\"61\" src=\"https:\/\/laclassedemonsieurtorres.fr\/wp-content\/uploads\/2025\/09\/SEPA-SITE.png\" alt=\"\" class=\"wp-image-1436\" style=\"width:352px;height:auto\" srcset=\"https:\/\/laclassedemonsieurtorres.fr\/wp-content\/uploads\/2025\/09\/SEPA-SITE.png 546w, https:\/\/laclassedemonsieurtorres.fr\/wp-content\/uploads\/2025\/09\/SEPA-SITE-300x34.png 300w\" sizes=\"auto, (max-width: 546px) 100vw, 546px\" \/><\/figure>\n<\/div>\n\n\n<p class=\"has-text-align-center has-medium-font-size\"><\/p>\n\n\n\n<div class=\"wp-block-columns is-layout-flex wp-container-core-columns-is-layout-9d6595d7 wp-block-columns-is-layout-flex\">\n<div class=\"wp-block-column is-layout-flow wp-block-column-is-layout-flow\">\n<div class=\"wp-block-columns is-layout-flex wp-container-core-columns-is-layout-9d6595d7 wp-block-columns-is-layout-flex\">\n<div class=\"wp-block-column is-layout-flow wp-block-column-is-layout-flow\"><\/div>\n\n\n\n<div class=\"wp-block-column is-layout-flow wp-block-column-is-layout-flow\"><\/div>\n<\/div>\n<\/div>\n<\/div>\n\n\n\n<div class=\"wp-block-columns is-layout-flex wp-container-core-columns-is-layout-9d6595d7 wp-block-columns-is-layout-flex\">\n<div class=\"wp-block-column is-layout-flow wp-block-column-is-layout-flow\"><\/div>\n<\/div>\n","protected":false},"excerpt":{"rendered":"<p>Monsieur Torres, c&#8217;est moi. Je suis professeur de fran\u00e7ais en coll\u00e8ge depuis bient\u00f4t 20 ans, et j&#8217;\u00e9tais fatigu\u00e9. Fatigu\u00e9 des fautes d&#8217;orthographe, des manuels scolaires, des cours de fran\u00e7ais tels qu&#8217;on nous demande de les faire. Fatigu\u00e9 des manuels de fran\u00e7ais qui tendent souvent \u00e0 privil\u00e9gier&hellip;<\/p>\n","protected":false},"author":2,"featured_media":519,"parent":0,"menu_order":0,"comment_status":"closed","ping_status":"closed","template":"","meta":{"footnotes":""},"class_list":["post-12","page","type-page","status-publish","has-post-thumbnail","hentry"],"_links":{"self":[{"href":"https:\/\/laclassedemonsieurtorres.fr\/index.php\/wp-json\/wp\/v2\/pages\/12","targetHints":{"allow":["GET"]}}],"collection":[{"href":"https:\/\/laclassedemonsieurtorres.fr\/index.php\/wp-json\/wp\/v2\/pages"}],"about":[{"href":"https:\/\/laclassedemonsieurtorres.fr\/index.php\/wp-json\/wp\/v2\/types\/page"}],"author":[{"embeddable":true,"href":"https:\/\/laclassedemonsieurtorres.fr\/index.php\/wp-json\/wp\/v2\/users\/2"}],"replies":[{"embeddable":true,"href":"https:\/\/laclassedemonsieurtorres.fr\/index.php\/wp-json\/wp\/v2\/comments?post=12"}],"version-history":[{"count":123,"href":"https:\/\/laclassedemonsieurtorres.fr\/index.php\/wp-json\/wp\/v2\/pages\/12\/revisions"}],"predecessor-version":[{"id":1523,"href":"https:\/\/laclassedemonsieurtorres.fr\/index.php\/wp-json\/wp\/v2\/pages\/12\/revisions\/1523"}],"wp:featuredmedia":[{"embeddable":true,"href":"https:\/\/laclassedemonsieurtorres.fr\/index.php\/wp-json\/wp\/v2\/media\/519"}],"wp:attachment":[{"href":"https:\/\/laclassedemonsieurtorres.fr\/index.php\/wp-json\/wp\/v2\/media?parent=12"}],"curies":[{"name":"wp","href":"https:\/\/api.w.org\/{rel}","templated":true}]}}